13.
42
What is the remainder when 1297 is divided by 1170?
127
Calculate the remainder when 86628 is divided by 28161.
2145
What is the remainder when 624994 is divided by 208151?
541
What is the remainder when 4128980 is divided by 2064402?
176
What is the remainder when 142664 is divided by 2370?
464
What is the remainder when 21465808 is divided by 5531?
5528
Calculate the remainder when 3784 is divided by 746.
54
What is the remainder when 4932937 is divided by 1865?
12
Calculate the remainder when 33471 is divided by 1813.
837
Calculate the remainder when 24246265 is divided by 35.
15
What is the remainder when 18127940 is divided by 438?
434
What is the remainder when 668481 is divided by 31?
28
What is the remainder when 66219 is divided by 1738?
175
What is the remainder when 507645 is divided by 156?
21
Calculate the remainder when 129441108 is divided by 7.
6
Calculate the remainder when 6769601 is divided by 89.
83
What is the remainder when 14657872 is divided by 12?
4
Calculate the remainder when 118819105 is divided by 2247.
2239
Calculate the remainder when 608086 is divided by 1854.
1828
Calculate the remainder when 14139822 is divided by 523.
517
What is the remainder when 8652796 is divided by 2600?
2596
Calculate the remainder when 656673191 is divided by 15.
11
Calculate the remainder when 4194577 is divided by 365.
362
Calculate the remainder when 10578592 is divided by 192338.
2
Calculate the remainder when 664039 is divided by 664026.
13
Calculate the remainder when 7032 is divided by 3188.
656
What is the remainder when 16877228 is divided by 8438602?
24
Calculate the remainder when 1026940 is divided by 6459.
6418
Calculate the remainder when 17981 is divided by 834.
467
Calculate the remainder when 7487030 is divided by 1242.
254
Calculate the remainder when 13390591 is divided by 122.
115
What is the remainder when 164039 is divided by 17620?
5459
What is the remainder when 481364 is divided by 2262?
1820
Calculate the remainder when 105649 is divided by 137.
22
Calculate the remainder when 12530023 is divided by 422.
421
What is the remainder when 26418 is divided by 11413?
3592
Calculate the remainder when 529481 is divided by 529479.
2
What is the remainder when 385380 is divided by 2007?
36
Calculate the remainder when 16948000 is divided by 149.
144
What is the remainder when 7214 is divided by 5776?
1438
Calculate the remainder when 2602533 is divided by 339.
30
Calculate the remainder when 995929 is divided by 714.
613
Calculate the remainder when 1087550 is divided by 2796.
2702
Calculate the remainder when 46163 is divided by 4618.
4601
Calculate the remainder when 42729 is divided by 125.
104
Calculate the remainder when 4598003 is divided by 3039.
3035
Calculate the remainder when 815669 is divided by 343.
15
What is the remainder when 4036321 is divided by 67?
40
Calculate the remainder when 2041267 is divided by 680389.
100
What is the remainder when 224804 is divided by 1857?
107
Calculate the remainder when 1817230 is divided by 2263.
41
Calculate the remainder when 384809982 is divided by 535.
532
Calculate the remainder when 8386949 is divided by 85.
84
Calculate the remainder when 108591 is divided by 1969.
296
Calculate the remainder when 240578 is divided by 245.
233
What is the remainder when 1297417 is divided by 6951?
4531
What is the remainder when 627942 is divided by 8901?
4872
What is the remainder when 83269219 is divided by 27756402?
13
What is the remainder when 3140237 is divided by 15623?
14
What is the remainder when 7811970 is divided by 697?
691
Calculate the remainder when 120290 is divided by 34.
32
What is the remainder when 97520 is divided by 158?
34
What is the remainder when 609405 is divided by 203008?
381
Calculate the remainder when 77608 is divided by 361.
354
What is the remainder when 23221047 is divided by 5654?
69
What is the remainder when 166536 is divided by 100?
36
Calculate the remainder when 43324994 is divided by 5000.
4994
Calculate the remainder when 13314056 is divided by 416.
392
What is the remainder when 644750 is divided by 6512?
62
Calculate the remainder when 52503007 is divided by 923.
921
Calculate the remainder when 92545 is divided by 30301.
1642
Calculate the remainder when 10348 is divided by 10097.
251
What is the remainder when 14579916 is divided by 9?
6
Calculate the remainder when 4023777 is divided by 18980.
17
Calculate the remainder when 1579291 is divided by 1437.
28
What is the remainder when 12357204 is divided by 445?
444
What is the remainder when 275242 is divided by 275230?
12
What is the remainder when 329643 is divided by 6117?
5442
What is the remainder when 1240828 is divided by 1330?
1268
What is the remainder when 57741341 is divided by 6?
5
Calculate the remainder when 1817057 is divided by 874.
11
What is the remainder when 163904397 is divided by 225?
222
What is the remainder when 22191 is divided by 410?
51
What is the remainder when 242267 is divided by 1417?
1377
Calculate the remainder when 87305639 is divided by 34.
31
What is the remainder when 19925 is divided by 13?
9
What is the remainder when 865240 is divided by 288409?
13
Calculate the remainder when 605327 is divided by 5.
2
Calculate the remainder when 153445 is divided by 18.
13
What is the remainder when 11030926 is divided by 7?
4
Calculate the remainder when 30606532 is divided by 898.
896
What is the remainder when 44722 is divided by 3191?
48
What is the remainder when 76387 is divided by 307?
251
Calculate the remainder when 7499016 is divided by 2011.
2008
Calculate the remainder when 903629707 is divided by 71.
69
What is the remainder when 458862 is divided by 152625?
987
What is the remainder when 1835352 is divided by 3472?
2136
What is the remainder when 6235536 is divided by 631?
625
Calculate the remainder when 73436 is divided by 3.
2
What is the remainder when 2290612 is divided by 327228?
16
What is the remainder when 81406 is divided by 4012?
1166
What is the remainder when 9955799 is divided by 216430?
19
What is the remainder when 50237 is divided by 784?
61
What is the remainder when 15687966 is divided by 382?
372
Calculate the remainder when 193058 is divided by 48138.
506
Calculate the remainder when 232448 is divided by 232427.
21
What is the remainder when 7941958 is divided by 146?
142
What is the remainder when 1605277 is divided by 395?
392
Calculate the remainder when 118185348 is divided by 173.
52
Calculate the remainder when 166854 is divided by 477.
381
What is the remainder when 4123103 is divided by 464?
463
What is the remainder when 414543 is divided by 244?
231
What is the remainder when 36161 is divided by 6074?
5791
What is the remainder when 129336976 is divided by 20?
16
Calculate the remainder when 5266484 is divided by 430.
274
What is the remainder when 2003967 is divided by 117879?
24
What is the remainder when 405488 is divided by 135145?
53
What is the remainder when 2850274 is divided by 567?
532
Calculate the remainder when 67172204 is divided by 2832.
2828
What is the remainder when 140672 is divided by 2068?
48
Calculate the remainder when 334569 is divided by 841.
692
What is the remainder when 466463 is divided by 228508?
9447
Calculate the remainder when 57960 is divided by 2592.
936
What is the remainder when 578257007 is divided by 56?
55
Calculate the remainder when 1006136 is divided by 253.
208
Calculate the remainder when 27807 is divided by 197.
30
Calculate the remainder when 808639 is divided by 160.
159
What is the remainder when 1249797 is divided by 169?
42
What is the remainder when 547186 is divided by 1927?
1845
What is the remainder when 188066 is divided by 1334?
1306
Calculate the remainder when 197762 is divided by 179.
146
Calculate the remainder when 1674570 is divided by 239223.
9
Calculate the remainder when 724244 is divided by 27703.
3966
What is the remainder when 8437470 is divided by 656?
654
Calculate the remainder when 45676 is divided by 5235.
3796
What is the remainder when 177392 is divided by 4666?
84
Calculate the remainder when 825565 is divided by 7026.
3523
What is the remainder when 18414108 is divided by 286?
284
What is the remainder when 4452262 is divided